s the units digit of j?
1
What is the hundreds digit of 391 + ((-144)/(-28) - 1/7)?
3
Let j(k) = 46*k**2 - 13*k + 118. What is the thousands digit of j(-11)?
5
Suppose -4*u = 4*u - 24. Suppose -2529 = -6*n - u*n. What is the tens digit of n?
8
Suppose 3*t = -2*v - 214, -115 = 2*t - 2*v + 21. Let m be -4 + (-7 - -2 - 13). What is the units digit of t/m - 22/121?
3
Let p(f) = 25*f + 94. What is the units digit of p(13)?
9
Let i(v) = -28*v + 3. Let d(k) = 14*k - 2. Let b(q) = 5*d(q) + 2*i(q). What is the units digit of b(5)?
6
Let q = 228 - -1105. What is the units digit of q?
3
Suppose -2*d - 37 = -d + 5*i, -10 = 2*i. Let r be (-107)/(-3) - (-2)/6. Let k = r + d. What is the units digit of k?
4
What is the units digit of ((-15)/3)/(6/1584*-2)?
0
Suppose 28*i = 22*i + 816. What is the units digit of i?
6
Suppose 12 = 2*p - 38. Suppose -5*d + 5*g = -p, 3*g - 9 = 2*d - 7*d. Suppose -n = d*n - 40. What is the tens digit of n?
1
Let i = 139 + -138. What is the units digit of i?
1
Suppose -7*j + 3*j = -3564. Suppose 0 = -5*z + j + 44. What is the tens digit of 8449/z - (-4)/(-22)?
4
Suppose 20 = 8*k - 3*k. Let c be (-4 + k)*(-2)/(-4). Suppose c = 3*g - 3 - 0. What is the units digit of g?
1
Let m = -424 + 1033. What is the tens digit of m?
0
Suppose 262 + 312 = 2*h. What is the tens digit of h?
8
Let i(x) = x**3 + 8*x**2 - x + 9. Let a be i(-4). Let p be 1/(-3) - a/21. What is the tens digit of (1*6)/(p/(-30))?
4
Suppose 0 = 3*q + 7*q. What is the units digit of (q/(-2))/(-1) + (-474)/(-6)?
9
Suppose 2*j - 24 - 6 = 0. Suppose -11 = -3*t + 2*f, -3*t + 0*f + 3*f + j = 0. Suppose t = -l + 21. What is the units digit of l?
0
Let q = 379 - 88. What is the hundreds digit of q?
2
Suppose -3*s - 15 - 108 = -5*p, 169 = -4*s + 5*p. Let b = -14 - s. What is the tens digit of b?
3
Let m be (15/(-12))/(-5) - (-51)/(-12). What is the tens digit of 1/m*-2 - 465/(-6)?
7
Let w(g) = -13 + 72*g**2 + 16 - g - 2. What is the units digit of w(1)?
2
Suppose 450*k + 33416 = 458*k. What is the units digit of k?
7
Suppose -3*y + 5*q + 645 = 0, 6*y - 8*y + 430 = -5*q. What is the units digit of y?
5
Let b(g) = -g**3 - g. Let m be b(0). Suppose -2*v + 10 = 2*j - 0*j, 3*j - 2*v = m. Let l = 3 - j. What is the units digit of l?
1
Suppose 510 - 2914 = -2*l. What is the tens digit of l?
0
What is the tens digit of ((-1)/(-1))/(7*5/19355)?
5
Suppose 0 = -2*g + 834 + 1876. What is the thousands digit of g?
1
Let k = 2508 - 1160. What is the units digit of k?
8
Let j = 693 + -675. What is the units digit of j?
8
What is the hundreds digit of 258*15/(30/4)?
5
Let f(g) be the first derivative of -g**5/24 - 7*g**4/12 - g**3/3 - 1. Let m(o) be the third derivative of f(o). What is the tens digit of m(-11)?
4
Suppose 32*n = 17*n + 14250. What is the tens digit of n?
5
Suppose 2*v - v - 13 = 4*f, f = -2*v - 10. Let j be (v/(-12))/(3/132). Let r = 13 - j. What is the units digit of r?
2
Let h(n) = 2*n**3 + 5*n**2 + n - 7. Let x be h(-4). Let d = x + 102. What is the units digit of d?
3
Let q be (12/1)/(-3) - -134. Suppose 13*a + q = 15*a. What is the units digit of a?
5
Let x(o) = 6*o**3 - o**2 + o - 1. Suppose 4*l + 1 = 45. Let b = -10 + l. What is the units digit of x(b)?
5
Suppose -22 = 5*f - 2. Let z be 3*f/6*1. What is the units digit of 142/4 + (-1)/z?
6
Let c = 3713 - 831. What is the hundreds digit of c?
8
Let k(t) be the second derivative of 1/6*t**3 + 5*t + 0 + 47/2*t**2 - 1/12*t**4 + 1/20*t**5. What is the tens digit of k(0)?
4
Let p = -4721 - -8299. What is the tens digit of p?
7
Suppose 5*x - 59 = -f + 27, 40 = 2*x - f. What is the tens digit of 7/(14/28 - 7/x)?
6
Let s = 125 - 53. Suppose 0*a = -3*a - s. Let d = a + 60. What is the units digit of d?
6
What is the units digit of 72128/128 + 2/(-4)?
3
Let g = -262 - -4710. What is the thousands digit of g?
4
What is the tens digit of 3290/28*(3 + -1)?
3
Let g(u) = -u + 1. Let l(y) = 19*y - 16. Let q(a) = -6*g(a) - l(a). What is the tens digit of q(-5)?
7
Suppose -5*m + 3412 = 3*s, -688 = 53*m - 54*m + 5*s. What is the tens digit of m?
8
Suppose 4*l - 2*t - 64 = 0, 83 = 5*l - 5*t + t. Suppose 0 = m - 3*m + 2. Suppose -g + l = m. What is the units digit of g?
4
Let b(n) = 22*n**2 - 4*n - 4. What is the hundreds digit of b(5)?
5
Let c be -3 + -2*(-1398)/12. Suppose -7*q + 5*q + c = 0. What is the hundreds digit of q?
1
Let n = 1141 - 680. What is the units digit of n?
1
Let n(p) = p**3 - 7*p**2 + 7*p - 2. Suppose r - 6*r - 3*k = -29, -3*r + 2*k + 25 = 0. What is the units digit of n(r)?
7
What is the thousands digit of ((-2247)/(-28))/((-36)/(-768))?
1
Suppose -2*q = -3*q + 2. Suppose 0*y = 6*y - y. Suppose k - 2*t = 24, y = t - 3*t - q. What is the units digit of k?
2
Suppose n - r = 11, -5*r = 4*n - 3*r - 14. Suppose -3*b = 5*f - f - 155, 2*b + n = 0. What is the units digit of f?
1
Let l(s) = s**3 + 5*s**2 - s - 1. Let r be l(-5). Suppose -4*v = -r*m + 5*m + 104, 0 = -3*v - 2*m - 83. Let q = -15 - v. What is the units digit of q?
0
What is the hundreds digit of (28/(-4) - -4) + (-4000)/(-4)?
9
Let n = 2 + -7. Let c(i) = 7*i**3 + 5*i**2 - 5*i - 13. Let b(g) = 4*g**3 + 2*g**2 - 2*g - 7. Let v(p) = -5*b(p) + 3*c(p). What is the units digit of v(n)?
1
Suppose q + 6 = 5*n, n = 7*q - 2*q - 18. Suppose -q*z + 0 + 16 = 0. Suppose f = 5*v - 138, z*v - 93 = 4*f - 9*f. What is the units digit of v?
7
Let k = 410 + -233. What is the hundreds digit of k?
1
Let o(g) = -g**3 - 8*g**2 - 5*g - 1. Let c(t) = -5*t + 2. Suppose -2*l + 2 = 3*w - l, 0 = 4*w - l - 12. Let x be c(w). What is the tens digit of o(x)?
3
Let g = 33 + -32. What is the units digit of 4 + 0 - (-19 + g)?
2
Let i(v) = 2*v**3 + 9*v**2 + 5*v + 9. Let m be i(-4). Suppose 2*b - 128 = m*g - 45, -b - 4*g = -48. What is the units digit of b?
4
Suppose -l = 4*k + 1, 23 = l - 2*k - 0. Let r be ((-36)/8)/(3/(-6)). Suppose b - l - r = 0. What is the tens digit of b?
2
Let c(m) be the second derivative of -m**5/20 - 7*m**4/12 + 2*m**2 + 4*m. Suppose -d - 4*d = 35. What is the units digit of c(d)?
4
Let d(r) be the second derivative of -r**3/6 + 19*r**2/2 - 7*r. Let n be d(8). Suppose 0 = 2*k - 53 + n. What is the tens digit of k?
2
Suppose 237 = 4*y + 5*u, 12 = -12*u + 8*u. Let l = y - 7. What is the tens digit of l?
5
Let d(x) = -x**2 - 5*x + 11. Let t be d(-6). Suppose 5*a - 6 = 4, t*m - 189 = 3*a. What is the tens digit of m?
3
Let z = 21 + -36. What is the units digit of (z/9)/(3/(-126))?
0
Let i be (340/(-15) + -4)*6/4. Let x = 158 - i. What is the tens digit of x?
9
Suppose 4*n = -4*y - 42 - 14, 4*n = -12. Let m(j) = j + 20. Let i be m(y). Let v(r) = 4*r - 4. What is the tens digit of v(i)?
3
Let w = 15 - 10. Suppose -w*h + 2*h = -6. Suppose -19 = -h*i - 1. What is the units digit of i?
9
Suppose -c + 7*c = 48. Let x be 43/9 - c/(-36). Suppose -m = -5*m - t + 147, 0 = 2*m - x*t - 79. What is the tens digit of m?
3
Let f(x) = -x**2 - 4*x. Let u be f(-2). Suppose -3*t = 4*j, 5 = -3*j - u. Suppose t*l + 56 = 6*l. What is the tens digit of l?
2
Suppose -4*w + 30 = -50. Let z = w - 18. Suppose 2*p + 0*p = z. What is the units digit of p?
1
Suppose 0 = 2*t - 8, -3*u + 5*t = 3*t + 74. Let q = u - -130. What is the tens digit of q?
0
Let x = -29 - -44. Let w = x - 11. What is the tens digit of 1 + 49 + w + -5?
4
Let m(n) = -n**2 + 11*n + 3. Let o be m(11). Suppose -o*f = 2*j + 6 + 15, -4*f - 28 = j. What is the units digit of (-3)/f + 22/14?
2
Suppose -2*w + 5*y = 25, -5*w - y = -3 - 2. Suppose w*k + 2*k = 76. What is the tens digit of k?
3
Let l = -584 + 961. What is the hundreds digit of l?
3
Suppose -219 = -2*p - 3. What is the hundreds digit of p?
1
Let x(b) = 7*b - b**3 + 4*b**2 - 73 - 68 + 214 - 78. Suppose -5*z + 10 = -15. What is the units digit of x(z)?
5
Let t(o) be the third derivative of -o**6/120 - o**5/15 + o**3/6 - 7*o**2. Let v be (4/5)/((-2)/10). What is the units digit of t(v)?
1
Let x(r) = 20 + 12 + 15*r - 54 + 7. What is the units digit of x(10)?
5
Let b(y) = y**2 - 3*y - 7. Let t be b(5). Suppose 2*r + t*r = 215. Let m = r - 27. What is the units digit of m?
6
Let s(q) = -q**3 - 4*q**2 - 3*q. Let c be s(-1). Suppose 5*i = -c*i - f + 399, 3*f = -5*i + 407. What is the units digit of i?
9
Suppose -2*l - 4*x - 16 = 0, l + x + 2*x = -13. Let y be 29 + -4*(-2)/(-4). Suppos